n base 7, what is -1161 + 6?
-1152
In base 15, what is -1 + ab7?
ab6
In base 11, what is -230 - 20?
-250
In base 12, what is 2 - b9?
-b7
In base 9, what is 477 + -18?
458
In base 6, what is -1 - -2424?
2423
In base 8, what is -1000 + 0?
-1000
In base 12, what is -23 - -189?
166
In base 10, what is 2 - 6110?
-6108
In base 3, what is 11 - -101?
112
In base 14, what is 736 - 6?
730
In base 13, what is 4 - 3?
1
In base 13, what is 0 - -377?
377
In base 2, what is 100111 + -10011?
10100
In base 4, what is 23312 - 22?
23230
In base 11, what is 373 - 3?
370
In base 13, what is -2 + -100?
-102
In base 3, what is -10 - 120112?
-120122
In base 14, what is -4 + -a03?
-a07
In base 5, what is -20 + -33?
-103
In base 13, what is b + 1c4?
202
In base 10, what is 6 + -26?
-20
In base 12, what is -5 - 3aa?
-3b3
In base 16, what is -1 - 80?
-81
In base 12, what is 2 + -1a2?
-1a0
In base 12, what is -3 - -1?
-2
In base 14, what is -4 + 351?
34b
In base 16, what is 1 - -20?
21
In base 3, what is -10200 + -12?
-10212
In base 4, what is 12330 - 13?
12311
In base 11, what is -2 + 56?
54
In base 8, what is -1 + 10?
7
In base 8, what is -2 + -13?
-15
In base 16, what is 6 + 2eb?
2f1
In base 16, what is 5d2 + 4?
5d6
In base 14, what is -1487 - 4?
-148b
In base 4, what is 20211 - -2?
20213
In base 16, what is 0 + 18?
18
In base 12, what is 0 - -59?
59
In base 8, what is 1235 - 0?
1235
In base 16, what is 49c + 1?
49d
In base 2, what is -11000011011 - -11?
-11000011000
In base 6, what is 10 - -1435?
1445
In base 11, what is -6 + 199?
193
In base 11, what is -2 - 43?
-45
In base 8, what is -4 + 46?
42
In base 8, what is 1 - -34?
35
In base 2, what is 10001001 - 1111?
1111010
In base 4, what is 11 - -13122?
13133
In base 2, what is 10 + 1101000?
1101010
In base 10, what is 3 + 35?
38
In base 2, what is 10011 - -10011?
100110
In base 13, what is b7 + 1?
b8
In base 9, what is -5 - -15?
10
In base 6, what is -5450 - 5?
-5455
In base 12, what is -5 + 17a?
175
In base 6, what is 14132 + 4?
14140
In base 5, what is 12403 - -10?
12413
In base 12, what is 5 + -619?
-614
In base 14, what is -5 - 35c?
-363
In base 5, what is 4401 + -1?
4400
In base 14, what is 27 + -c5?
-9c
In base 10, what is 3 - 399?
-396
In base 12, what is -6 - 6?
-10
In base 8, what is -73 - -5?
-66
In base 2, what is 101 + 10000000101?
10000001010
In base 12, what is 0 - -11b1?
11b1
In base 15, what is be - -3?
c2
In base 5, what is 20 - -42?
112
In base 6, what is 1334 - 0?
1334
In base 13, what is -7a5 + 9?
-799
In base 5, what is 1 - 23?
-22
In base 16, what is 2 - -133?
135
In base 11, what is 225 - 0?
225
In base 12, what is -1 + 1962?
1961
In base 9, what is 3 + -183?
-180
In base 11, what is -63 - 2?
-65
In base 15, what is 3c - -1b?
58
In base 15, what is 1 - -1ea?
1eb
In base 15, what is 0 + de8?
de8
In base 10, what is 0 + -675?
-675
In base 13, what is -8 + -23?
-2b
In base 10, what is -258 + -2?
-260
In base 4, what is -12 + -3223?
-3301
In base 3, what is 0 + 2212211?
2212211
In base 3, what is 1 - -11210?
11211
In base 5, what is 12 - -111?
123
In base 6, what is 131 + -202?
-31
In base 8, what is 103 + 74?
177
In base 10, what is -8 - 38?
-46
In base 6, what is 321 - 1?
320
In base 13, what is -4 - 972?
-976
In base 8, what is 105 - 22?
63
In base 12, what is -5 - -560?
557
In base 2, what is 100100110 - 11?
100100011
In base 11, what is -75a1 - -5?
-7597
In base 10, what is 0 - 113?
-113
In base 9, what is -2512 - -2?
-2510
In base 13, what is 824 + 15?
839
In base 3, what is 1122121 + 22?
1122220
In base 14, what is -6 + b?
5
In base 8, what is -73 - 4?
-77
In base 12, what is 72 - -1?
73
In base 5, what is 224 + 40?
314
In base 16, what is 3 - -e?
11
In base 9, what is 2171 + 1?
2172
In base 13, what is -23 - -4?
-1c
In base 12, what is -85 - -1?
-84
In base 2, what is -11011011100000 + 101?
-11011011011011
In base 9, what is 11 + -4?
6
In base 9, what is -5 - -1535?
1530
In base 12, what is -788 - -5?
-783
In base 6, what is -221 - 402?
-1023
In base 15, what is -6 - 199?
-1a0
In base 13, what is 4 + -43?
-3c
In base 8, what is 3224 - -4?
3230
In base 11, what is 616 - 2?
614
In base 6, what is 2 + -233?
-231
In base 6, what is -4 - 212?
-220
In base 14, what is -5 - c4?
-c9
In base 11, what is -42 + -1?
-43
In base 4, what is -2021 + 11?
-2010
In base 9, what is -1 - 407?
-408
In base 3, what is -11 + -12?
-100
In base 7, what is -10325 - -2?
-10323
In base 12, what is a65 + -1?
a64
In base 12, what is 0 + -52?
-52
In base 9, what is 21157 + -5?
21152
In base 10, what is 8 - 48?
-40
In base 3, what is 2021102 - 10?
2021022
In base 13, what is 2 + 337?
339
In base 4, what is 1 - 1000113?
-1000112
In base 9, what is -7 + 2?
-5
In base 9, what is 12 - 47?
-35
In base 16, what is -63 - 1b?
-7e
In base 9, what is 0 - 6144?
-6144
In base 3, what is 22 - -22211?
100010
In base 2, what is 111010 + -1010100100?
-1001101010
In base 9, what is 152 - -8?
161
In base 9, what is 6 + 55?
62
In base 11, what is -29 - 77?
-a5
In base 15, what is 1 + 215?
216
In base 15, what is -20 + 6?
-19
In base 16, what is 4f + 2?
51
In base 8, what is 15 - -411?
426
In base 14, what is 2 - 28?
-26
In base 16, what is 92 + -29?
69
In base 11, what is -5495 + -5?
-549a
In base 5, what is -10310 + 0?
-10310
In base 13, what is -2341 - 4?
-2345
In base 6, what is -11 + -515?
-530
In base 15, what is 3 - -e4?
e7
In base 6, what is -214 + -15?
-233
In base 4, what is -2012 - -2?
-2010
In base 10, what is 1 - -582?
583
In base 11, what is 43 - 0?
43
In base 3, what is -21 - -110002?
102211
In base 4, what is 31 + 1011?
1102
In base 9, what is 1 + -1642?
-1641
In base 9, what is 260 + 13?
273
In base 16, what is 77 + -4?
73
In base 8, what is -1 + 1437?
1436
In base 12, what is 3 - 24a?
-247
In base 4, what is -331 + -2?
-333
In base 13, what is -5b - 5?
-63
In base 5, what is -4 - -210?
201
In base 8, what is 5 - 1121?
-1114
In base 13, what is 5a40 + 0?
5a40
In base 7, what is 113 - 12?
101
In base 14, what is 0 + -742?
-742
In base 3, what is -2 - -111002?
111000
In base 7, what is -10613 - 0?
-10613
In base 14, what is 4 - -143d?
1443
In base 2, what is 100 + 101111010?
101111110
In base 4, what is 121 + 1?
122
In base 6, what is -1 - -140?
135
In base 9, what is -200 + 1?
-188
In base 16, what is -4a0 - -4?
-49c
In base 5, what is -132434 - 10?
-132444
In base 4, what is 3 + 13122?
13131
In base 3, what is -110112 + -11?
-110200
In base 6, what is -4 + 11325?
11321
In base 3, what is -20111 + -11?
-20122
In base 12, what is 521 - 5?
518
In base 16, what is -6 - 5?
-b
In base 2, what is -100 + 1001110?
1001010
In base 10, what is 12 + -55?
-43
In base 11, what is 4 + -970?
-967
In base 8, what is -1 + 13122?
13121
In base 2, what is -11111000 - 1000000?
-100111000
In base 9, what is 365 + 5?
371
In base 15, what is 0 + -323?
-323
In base 8, what is 5 - -40?
45
In base 12, what is -125 + 29?
-b8
In base 16, what is 1 - 4ec?
-4eb
In base 7, what is -104 - 10?
-114
In base 7, what is -10 + -62?
-102
In base 9, what is 2 - 534?
-532
In base 7, what is -214 - -12?
-202
In base 12, what is 48a - -5?
493
In base 12, what is 3132 - 0?
3132
In base 11, what is -1 + -2645?
-2646
In base 14, what is -a + 28?
1c
In base 5, what is -4 - 220?
-224
In base 5, what is 0 + -1201?
-1201
In base 12, what is -18 + -80?
-98
In base 13, what is 1378 + 3?
137b
In base 12, what is -108 - -4?
-104
In base 10, what is -9 - 15?
-24
In base 6, what is 54 - -2?
100
In base 4, what is 20 + 112?
132
In base 6, what is 354 + 3?
401
In base 16, what is 922 + 0?
922
In base 8, what is -1470 + -5?
-1475
In base 14, what is 5 - a?
-5
In base 4, what is 31 + 13230?
13321
In base 8, what is -34 + 5?
-27
In base 2, what is 101011 - -1?
101100
In base 2, what is -11111 - -1000?
-10111
In base 3, what is 1122 - 10?
1112
In base 3, what is -2 + -2002201?
-2002210
In base 8, what is -2201 - 4?
-2205
In base 12, what is -5 - -156?
151
In base 13, what is 6 - 13?
-a
In base 14, what is 11 + 34?
45
In base 2, what is -1011 - -110?
-101
In base 16, what is 3 - 4b6?
-4b3
In base 6, what is -1 + -442?
-443
In base 2, what is 1 + 10101010?
10101011
In base 7, what is 165 - -4?
202
In base 14, what is -18 - -5?
-13
In base 12, what is -4 + 18?
14
In base 7, what is 0 